2 + 20*u + 72. Give n(-29).
333
Let x(v) = -v**3 + 4*v**2 + 16*v - 2. What is x(-3)?
13
Let z(d) = d**3 + 13*d**2 + 6*d + 92. Give z(-13).
14
Let n(m) = -4*m**3 + 119*m**2 + 34*m - 100. Calculate n(30).
20
Let q(j) = -j**2 + 5*j + 73. What is q(21)?
-263
Let j(k) = k**3 + 127*k**2 + 17*k + 2153. Determine j(-127).
-6
Let s(r) = -83*r - 1806. Determine s(-20).
-146
Let q(x) = -x**2 + 23*x - 351. What is q(11)?
-219
Let a(z) = -34*z + 413. Determine a(12).
5
Let x(z) = 408*z + 3256. Calculate x(-8).
-8
Let a(v) = -v**3 + 17*v**2 - 42*v + 15. Give a(14).
15
Let a(d) = -d**3 - 7*d**2 - 36*d - 210. Calculate a(-6).
-30
Let d(i) = 2314*i + 76364. Calculate d(-33).
2
Let o(p) = -826*p + 8158. Give o(10).
-102
Let q(a) = -2*a**3 + 151*a**2 - 74*a - 87. What is q(75)?
-12
Let r(d) = -d**3 + 11*d**2 + 42*d - 41. What is r(13)?
167
Let l(f) = -73*f. What is l(-4)?
292
Let v(u) = -u**3 - 73*u**2 - 71*u + 151. Give v(-72).
79
Let y(s) = -s**3 + 16*s**2 + 6*s + 179. Calculate y(17).
-8
Let k(t) = 2*t**2 - 62*t + 113. Calculate k(29).
-3
Let v(j) = j**2 + 79*j + 685. Determine v(-13).
-173
Let k(f) = f**3 + 10*f**2 + 9*f - 3. Calculate k(-1).
-3
Let j(s) = -s**3 - 23*s**2 + 22*s - 28. Determine j(-24).
20
Let r(i) = 2*i**2 + 43*i - 15. Give r(-22).
7
Let z(u) = 4035*u - 4034. Calculate z(1).
1
Let z(d) = -22*d + 27. What is z(7)?
-127
Let w(m) = -4*m + 341. Give w(6).
317
Let h(q) = -38*q**3 + 75*q**2 + 4*q + 4. What is h(2)?
8
Let j(h) = -12*h**2 + 1075*h + 448. Calculate j(90).
-2
Let m(h) = -668*h + 72806. Determine m(109).
-6
Let a(w) = w**2 - 153*w - 1132. Calculate a(-7).
-12
Let u(f) = 232*f - 377. Give u(4).
551
Let v(d) = 168*d**2 + 7*d + 5. Determine v(-1).
166
Let o(s) = s**3 - 3*s**2 - 128*s + 579. What is o(10)?
-1
Let y(x) = -277*x - 1935. Determine y(-7).
4
Let q(k) = k**2 - 21*k - 75. What is q(0)?
-75
Let r(a) = -a**2 + 21*a - 252. What is r(9)?
-144
Let n(r) = 2*r**3 + 55*r**2 + 76*r - 57. Determine n(-26).
-5
Let v(q) = q**3 + 399*q**2 + 20899*q + 1680. Calculate v(-337).
-5
Let y(j) = -21*j - 1321. What is y(-63)?
2
Let j(i) = -i**2 - 113*i + 948. Determine j(8).
-20
Let g(y) = 21*y - 786. Calculate g(44).
138
Let x(b) = -6*b - 71. Determine x(-32).
121
Let b(s) = s**2 + 59*s - 1131. Calculate b(-74).
-21
Let c(f) = -50*f + 203. Calculate c(4).
3
Let r(v) = -32*v - 454. Give r(-13).
-38
Let q(a) = -7519*a - 22563. Determine q(-3).
-6
Let v(g) = -g**3 + 71*g**2 + 67*g + 331. Give v(72).
-29
Let d(q) = 463*q - 165. Give d(1).
298
Let s(k) = 297*k - 614. What is s(2)?
-20
Let p(o) = o**3 + 13*o**2 + 28*o - 120. Calculate p(-9).
-48
Let n(k) = 31756*k - 285804. Calculate n(9).
0
Let b(d) = 2*d**2 + 209*d + 2980. Determine b(-87).
-65
Let l(m) = 2937*m - 20556. Calculate l(7).
3
Let o(w) = -w**2 - 24*w - 105. Give o(-15).
30
Let h(m) = 39*m + 493. Calculate h(-12).
25
Let x(l) = l - 99. Give x(-19).
-118
Let g(j) = -j**3 + 4*j**2 - 83*j + 578. What is g(6)?
8
Let s(d) = 224*d + 1339. Calculate s(-6).
-5
Let b(v) = -v**2 - 1773*v + 68819. What is b(38)?
1
Let z(p) = -13*p - 182. What is z(-19)?
65
Let p(f) = 88*f - 1329. Give p(15).
-9
Let v(b) = 5194*b + 15585. Determine v(-3).
3
Let r(p) = 1197*p + 16769. Give r(-14).
11
Let d(y) = -y**3 + 64*y**2 - 196*y + 687. What is d(61)?
-106
Let b(m) = 2*m**2 + 24*m + 49. What is b(-3)?
-5
Let d(y) = y**3 - 39*y**2 + 197*y + 26. What is d(33)?
-7
Let h(a) = 4*a**2 + 132*a + 268. Give h(-2).
20
Let r(z) = -11*z + 224. What is r(40)?
-216
Let g(c) = c**2 + 41*c + 363. What is g(-43)?
449
Let w(t) = 31*t**2 + 379*t + 36. What is w(-12)?
-48
Let s(p) = -2*p**3 + 22*p**2 + 26*p - 23. Determine s(12).
1
Let o(p) = p**2 - 2*p - 1585. What is o(-39)?
14
Let m(z) = -3*z**3 - 28*z**2 - 80*z - 9. What is m(-3)?
60
Let i(u) = 5*u + 564. Determine i(-54).
294
Let s(q) = q**2 - 53*q + 447. Calculate s(13).
-73
Let n(h) = -h**3 - 40*h**2 + 438*h - 156. What is n(-49)?
-9
Let c(n) = n**2 - 59*n - 568. Calculate c(-8).
-32
Let k(m) = m**2 - 159*m + 4770. Give k(40).
10
Let f(n) = -n**3 - 68*n**2 - 791*n - 59349. Calculate f(-69).
-9
Let g(a) = -6*a**2 + 14*a + 6. Calculate g(2).
10
Let d(g) = g**3 + 7*g**2 + 19*g + 22. What is d(-6)?
-56
Let v(p) = -296*p + 55063. Calculate v(186).
7
Let g(h) = h**3 + 8*h**2 + 14*h + 55. Calculate g(-4).
63
Let d(f) = -290*f + 2082. What is d(7)?
52
Let i(q) = -2*q**2 + 39*q - 372. What is i(8)?
-188
Let f(k) = 6*k**2 - 69*k - 41. Determine f(12).
-5
Let u(a) = -a**3 - 25*a**2 + 38*a + 4. Calculate u(-27).
436
Let q(z) = -73*z**2 + 83*z + 362. Give q(-4).
-1138
Let x(j) = j**3 - 45*j**2 - 49*j + 143. Give x(46).
5
Let q(a) = 13*a**2 - 89*a + 3. Give q(8).
123
Let l(y) = 2*y**2 - 13*y + 16. What is l(14)?
226
Let a(z) = z**3 + 12*z**2 - 61*z + 11. What is a(-9)?
803
Let y(r) = -90*r + 413. Give y(9).
-397
Let y(j) = j**3 - 4*j**2 - 13*j + 39. What is y(2)?
5
Let k(f) = 2*f**3 - 119*f**2 - 488*f + 32271. Calculate k(59).
-2
Let h(g) = -12380*g - 37158. Calculate h(-3).
-18
Let z(o) = 192*o**2 + 32*o + 29. Calculate z(-1).
189
Let q(i) = -2*i**3 - 32*i**2 - 86*i - 7. What is q(-13)?
97
Let i(q) = q**2 - 8*q - 534. What is i(-17)?
-109
Let n(h) = 12*h - 596. What is n(19)?
-368
Let p(k) = -13*k**2 + 168*k + 1174. What is p(18)?
-14
Let y(f) = f**3 - 39*f**2 + 137*f - 17. Give y(35).
-122
Let w(p) = p**3 + 14*p**2 - 1833*p - 5588. Determine w(-3).
10
Let l(d) = -4*d**3 + 76*d**2 - 2*d + 32. Determine l(19).
-6
Let v(x) = 4810*x - 9617. Give v(2).
3
Let z(v) = -16*v + 1104. What is z(71)?
-32
Let q(z) = 2*z**3 - 60*z**2 + 413*z + 25. Calculate q(19).
-70
Let u(t) = 16*t**3 - 115*t**2 + 24*t - 19. Give u(7).
2
Let x(a) = -3*a**2 - 185*a + 446. What is x(-64)?
-2
Let r(l) = 2159*l + 75564. What is r(-35)?
-1
Let d(u) = u**3 + 13*u**2 + 36*u - 42. What is d(-8)?
-10
Let u(q) = 50*q - 1508. Give u(30).
-8
Let j(t) = 1443*t + 17329. Give j(-12).
13
Let a(x) = -23*x**2 + 363*x + 4379. What is a(-8)?
3
Let r(u) = 4*u + 79. Calculate r(-35).
-61
Let i(f) = -17*f + 255. Give i(20).
-85
Let p(l) = 2*l**3 + 29*l**2 + 48*l - 70. Give p(-13).
-187
Let p(g) = -g**3 - 9*g**2 + 14*g + 38. Calculate p(-8).
-138
Let h(b) = -1308*b + 20933. What is h(16)?
5
Let r(l) = -4*l**2 + 377*l - 1167. What is r(91)?
16
Let x(s) = -s**2 + 29*s - 10. Give x(8).
158
Let o(y) = -15*y + 181. Determine o(15).
-44
Let l(n) = -n**3 - 5*n**2 + 7*n + 16. What is l(-6)?
10
Let u(z) = 93*z + 24. What is u(-2)?
-162
Let y(b) = 2*b**3 - 23*b**2 - 18*b + 106. Calculate y(11).
-213
Let v(o) = 9*o - 154. Calculate v(13).
-37
Let m(b) = 6*b**2 - 32*b - 192. Give m(-7).
326
Let a(l) = 1244*l - 1275. Determine a(1).
-31
Let q(j) = -7603*j + 22806. What is q(3)?
-3
Let d(y) = y**2 - 9*y - 70. Determine d(-6).
20
Let n(u) = -u**2 - 38*u - 302. Calculate n(-13).
23
Let k(u) = -6*u**2 + 166*u + 46. Calculate k(28).
-10
Let z(s) = 7*s**2 - 102*s - 50. Calculate z(15).
-5
Let t(v) = v**2 - 75*v + 556. Calculate t(66).
-38
Let s(x) = 3*x**3 - 68*x**2 - 96*x + 3. Calculate s(24).
3
Let c(g) = -102*g + 7824. What is c(79)?
-234
Let t(w) = w**2 + 22*w + 56. Determine t(-8).
-56
Let w(d) = 210*d - 906. What is w(8)?
774
Let t(v) = -v**3 + 21*v**2 - 13*v - 48. Calculate t(20).
92
Let u(h) = 11*h + 130. Calculate u(-9).
31
Let t(y) = -2*y**3 - 30*y**2 - 26*y + 61. Give t(-14).
33
Let n(g) = g**3 + 95*g**2 - 5*g - 471. Give n(-95).
4
Let n(b) = 37*b - 68. Determine n(0).
-68
Let d(v) = -v**3 + 36*v**2 + 25*v - 3157. Determine d(34).
5
Let r(m) = -103*m + 1650. Give r(16).
2
Let m(p) = -p**3 + 8*p**2 - 8*p - 19. What is m(6)?
5
Let o(f) = -3*f**3 - 15*f**2 + 16*f + 29. Give o(-1).
1
Let w(g) = -4*g - 262. Calculate w(-7).
-234
Let x(c) = 82*c + 2453. Calculate x(-30).
-7
Let i(k) = -761*k - 3055. What is i(-4)?
-11
Let d(s) = 17*s**2 - 354*s - 72. Calculate d(21).
-9
Let x(w) = w**3 + 18*w**2 - 236*w - 510. Give x(-26).
218
Let g(o) = -49*o**2 + 1985*o - 1984. What is g(1)?
-48
Let w(l) = 81*l - 537. What is w(8)?
111
Let t(k) = k**2 - 2*k - 595. What is t(25)?
-20
Let m(b) = -b**2 - 7991*b - 63862. Give m(-8).
2
Let z(t) = 2*t**3 - 31*t**2 + 48*t - 81. Calculate z(14).
3
Let h(w) = 5*w**2 - 193*w + 292. Determine h(37).
-4
Let h(l) = -l**2 - 15*l - 80. What is h(-7)?
-24
Let f(i) = -16*i**3 - 2*i**2 + 2*i - 2. Give f(2).
-134
Let a(o) = o**3 - 10*o